3
Suppose 56 = 3*o - 193. List the prime factors of o.
83
Let i = 31 - 9. Suppose -2 - i = -3*m. Let v = 12 - m. What are the prime factors of v?
2
Let m(j) be the first derivative of j**4/4 + 7*j**3/3 - 11*j**2/2 + j - 2. List the prime factors of m(-8).
5
Suppose x + 3*d - 19 = 0, 2*x = -3*x - 3*d + 35. Suppose 0 = -4*t - 3*v + 37 + 10, -x*t + 22 = -2*v. List the prime factors of t.
2
Let r be (9/3 - 4)*-2. Suppose 3*g + r = 8. What are the prime factors of g?
2
Let y be -2 - (-68 - 4)/1. Suppose 100 + y = 5*u. List the prime factors of u.
2, 17
Suppose 3*m + 1112 = 5*i, 7*m - 2*m - 228 = -i. What are the prime factors of i?
223
Let x(t) = 5*t - 13. Let y be x(6). Let g = y + -15. List the prime factors of g.
2
Let p(k) = 6*k - 13. Let l be p(7). Let z = 48 - l. What are the prime factors of z?
19
Let s = -54 + 79. What are the prime factors of s?
5
Suppose -335 = -4*n - n. List the prime factors of n.
67
Let p be 2/3 - (-30)/9. Suppose -p*r = k - 22, -3*k + 16 = 2*r - 0*r. Suppose -9 = -k*m + m. What are the prime factors of m?
3
Let g(o) = o**2 - 9 + 2*o + 12 + o. What are the prime factors of g(-4)?
7
Let t(k) = 107*k**2 + 2*k - 2. What are the prime factors of t(1)?
107
Let k = 68 + -53. What are the prime factors of k?
3, 5
Suppose 12 = 2*z - 0*z. Let b be (3/3 - 1)/(-2). Suppose -z = -2*c - b. What are the prime factors of c?
3
Let y = 566 + -392. List the prime factors of y.
2, 3, 29
Let r(j) = -20*j + 2. Let w be r(-2). What are the prime factors of w/4*(-6)/(-9)?
7
Let z(b) = 11*b**2 - 11*b + 7. Let w(t) = 5*t**2 - 5*t + 3. Let v(n) = 5*w(n) - 2*z(n). What are the prime factors of v(2)?
7
Let t = 4 + -7. What are the prime factors of ((-2)/t)/(3/9)?
2
Let c = 5 + -3. Let j be 2*1/c + 16. Suppose 0 = -5*r + 53 + j. What are the prime factors of r?
2, 7
Let v be (-4)/(-2)*-1 - -3. Let i be v - (-2 + (1 - 0)). Suppose n - 6*n + 9 = -i*a, -2*n + 21 = 5*a. What are the prime factors of a?
3
Let k = -10 + 12. Suppose 0*y - 10 = -k*y, -3*c + 79 = -y. List the prime factors of c.
2, 7
Suppose 0 = 4*m - 3*u - 517 - 182, 5 = -5*u. What are the prime factors of m?
2, 3, 29
Let a(l) = 5*l - 4. Let f be a(4). Suppose 0 = w + 3*u - f, -2*w + 53 = w + 4*u. What are the prime factors of w?
19
List the prime factors of (((-12)/(-16))/(-3))/((-1)/16).
2
Suppose -21 = -a + 2*p, -5*a + 2*p + 105 = -2*p. List the prime factors of -1 - (0 - a - -1).
19
Suppose -4*i + 44 - 8 = -2*d, -5*d = -4*i + 42. What are the prime factors of (8/i)/(1/4)?
2
Let y be 400/28 - (-2)/(-7). Suppose -y = 2*r + 5*p, 0*p - 2 = 3*r - 2*p. Let m = 3 - r. List the prime factors of m.
5
Let y(s) = 4*s + 2. Let w be y(3). Suppose 0 = 4*k + w + 26. List the prime factors of (1 + 9/(-6))*k.
5
Let b = 1 + -1. List the prime factors of 60/4 + b + -3.
2, 3
Suppose 5*f - 2*f = 9. Suppose -f*j + 26 + 25 = 0. What are the prime factors of j?
17
Let h(f) = 5*f**3 - f + 1. Let z be h(1). Suppose z*i + 6 + 169 = 0. Let l = -24 - i. List the prime factors of l.
11
Let b = 7 - 5. Let a be 12/b*(-6)/(-4). Let q = a + 1. List the prime factors of q.
2, 5
Let l(v) = v**2 + 8*v - 5. Let a be l(-9). Suppose -a*h - 17 = -1. What are the prime factors of 1 + (h*3)/(-3)?
5
List the prime factors of (-5)/35 - 484/(-7).
3, 23
Suppose -3*l + 1041 = 5*q, 6*l = 5*q + 3*l - 1059. What are the prime factors of q?
2, 3, 5, 7
Suppose -12 = 4*b - 5*r + 85, 0 = 2*b - 3*r + 47. List the prime factors of (-2)/(-2 + (-52)/b).
2, 7
Let h = -2 - 6. Let b = h - 0. Let z = 10 + b. List the prime factors of z.
2
Suppose -5*p + 39 = 4*m, 3 = -m - 1. List the prime factors of p.
11
Let i be -3*(-1 + 2 + -2). Suppose i*s = 7*s. Suppose -p = -s*f - 3*f + 4, -f = -4*p + 6. List the prime factors of f.
2
Let b = 218 - 123. Suppose -5*a - d + 147 = -0*d, -3*a - 4*d = -b. List the prime factors of a.
29
Suppose -m + 23 = -15. List the prime factors of m.
2, 19
Suppose -101 = -3*i + 52. What are the prime factors of i?
3, 17
Let s = 82 - 47. Suppose -6*g - 2*k + s = -3*g, 63 = 5*g + k. What are the prime factors of g?
13
Suppose -12 = -4*b, 13 + 32 = 5*p + 5*b. Let l be p/21 - 99/(-21). Suppose l*m + r - 23 = 0, 2*m + r = 2 + 6. List the prime factors of m.
5
Suppose 2*v + 0*v + 2*z = 10, -20 = 4*v - 4*z. Suppose v*c = -5*c + 260. What are the prime factors of c?
2, 13
Suppose -5*b = o + 12, 8 = -5*b - 7. Suppose o = 4*t - 5. What are the prime factors of t?
2
Suppose x + 4 - 30 = -4*l, 20 = 4*l - 2*x. Suppose n = l*n - 50. Suppose 2*p - 6 = n. List the prime factors of p.
2
Let n(v) = 12*v - 12. List the prime factors of n(5).
2, 3
Let b be 8/3 - (-4)/(-6). Let h(v) = -b*v**2 - 4 + 5*v**2 - 2*v**2 + v. List the prime factors of h(3).
2
Let k(f) = -f**3 - 3*f**2 + 6*f - 6. Let t be k(-5). Let v = -11 + 11. Suppose -m + 2*m = 3*j - t, v = 2*j + 5*m + 19. List the prime factors of j.
3
Let m be (-2)/10 - 2/(-10). Suppose m = -u - u + 14. List the prime factors of u.
7
Suppose -6*r - 38 = 2*w - 10*r, w - r = -14. Let l(z) = z**2 + 3 + 11 - 3 + 10*z. List the prime factors of l(w).
2
Let j(w) = 0*w**2 - w**2 + 6*w + 2*w**2 + 0*w**2. List the prime factors of j(-8).
2
Suppose 0*z + 20 = 4*q - 5*z, -4*q + z + 4 = 0. Suppose -2*f = -q*f - 8. What are the prime factors of 2/3*66/f?
11
Suppose -4*p + 57 = -39. Let h = p + -8. List the prime factors of h.
2
Let l = -6 + 5. What are the prime factors of l + 2 - -11 - 2?
2, 5
Suppose 2*j - 21 = -5*d + 3*j, -4*d - 4*j = -36. Suppose 35 = 3*o + d. List the prime factors of o - 1*(-1 + 3).
2
What are the prime factors of (18/54)/(1/69)?
23
List the prime factors of (-2 - 25/(-5)) + 71.
2, 37
Suppose 2*g + 2 = 34. What are the prime factors of g?
2
Let w(a) = -13*a - 4. What are the prime factors of w(-3)?
5, 7
Let u(g) = -g**3 - 5*g**2 - 4*g - 3. Let d be u(-4). Let q(r) be the second derivative of -r**3 - r**2 + r. What are the prime factors of q(d)?
2
Let d(b) = -2*b - 3. Let k be d(-7). Let c = -8 + k. Suppose -c*q - 16 = -4*w, 0 = w - 3*q - 3 - 1. List the prime factors of w.
2
Suppose -5 = -2*u - 3. Let k be ((-5)/1)/(0 - u). Suppose k*j + 2*o - 4 = 18, 2*o = 2. What are the prime factors of j?
2
Let m(b) = -2*b**2 + 8*b + 3. Let k(p) = -p - 1. Let j(d) = -2*k(d) - m(d). What are the prime factors of j(6)?
5, 7
Let f(m) = m**3 - 9*m**2 + 4*m - 9. List the prime factors of f(9).
3
Let z be 14/(-4) - 3/6. Let v = z + 4. Suppose -5*s + v*s + 43 = h, 3*s + 5*h = 39. List the prime factors of s.
2
Let j(k) = k**3 - 8*k**2 - 10*k + 7. Let f be j(9). Let l(p) = -10*p - 2. List the prime factors of l(f).
2, 3
Suppose -13 - 13 = -s. What are the prime factors of s?
2, 13
Suppose 7 = -4*z - 21. Let b(u) = -2*u + 8. List the prime factors of b(z).
2, 11
Suppose q + 6*j = j - 9, -4*q - 4*j - 4 = 0. Let x be (-4)/(12/(-9)) + q. Suppose 0 = -v - x*v + 50. What are the prime factors of v?
2, 5
Let y(s) = s**2 - 4*s + 6. Let l(b) = 2*b**2 - 7*b + 11. Let g(f) = 3*l(f) - 5*y(f). What are the prime factors of g(-4)?
23
Suppose -1 = -4*v + 3. What are the prime factors of 13/(-3)*(v - 4)?
13
List the prime factors of 2757/21 - 2 - (-4)/(-14).
3, 43
Let w(i) = -6*i**3 - 2*i**2 + 1. Let b be w(-1). Suppose 5*t + 3*p - 1 = 0, -2*t + b*p + 9 + 10 = 0. Let u(n) = 2*n + 1. What are the prime factors of u(t)?
5
Suppose 3*z - 109 = -1. Let v = -10 + z. List the prime factors of v.
2, 13
Suppose 0 = 5*w + 4*l - 3*l - 206, 2*l = 5*w - 203. What are the prime factors of w?
41
Let l(t) = -8*t - 3. Let m be l(-3). Suppose -3*v - 76 = 5*a - m, -5*v - 4*a = 70. What are the prime factors of 7*(0 + v/(-7))?
2, 5
Let y = 83 + -45. What are the prime factors of y?
2, 19
Let u = 15 - 4. Let g(b) = -b**3 + 12*b**2 - 8*b - 8. What are the prime factors of g(u)?
5
Let j = 12 + -3. Let o = j + -4. List the prime factors of o.
5
Suppose 0 = p + 2, -2*d + 4*p + 333 = 3*d. List the prime factors of d.
5, 13
Let a(m) = 2*m**2 + 5*m + 7. List the prime factors of a(-4).
19
Let y = 7 - 6. Let k = y - -43. Suppose 4*b = 4*j - k - 4, 4*j = -4*b + 16. List the prime factors of j.
2
Suppose 0*n + 129 = 3*n. Suppose l - 4*l + 74 = 4*r, l = -5*r + n. What are the prime factors of l?
2, 3
List the prime factors of -1*185*(4 + 22/(-5)).
2, 37
Let m(w) = w**2 - w. Let n be m(3). Suppose 4*u - g + 76 = 197, -86 = -3*u - 4*g. List the prime 